ltiple of 8?
False
Is 22367226 a multiple of 2217?
False
Is 12 a factor of 16860?
True
Is 456882 a multiple of 23?
False
Does 26 divide 2474659?
False
Does 211 divide 440568?
True
Is 71 a factor of 15767324?
False
Does 732 divide 1128744?
True
Is 16502 a multiple of 60?
False
Does 104 divide 536833?
False
Is 84546 a multiple of 11?
True
Is 50840 a multiple of 5?
True
Is 908574 a multiple of 58?
False
Does 1667 divide 713157?
False
Is 460 a factor of 62393?
False
Does 197 divide 367011?
True
Is 47 a factor of 173893?
False
Does 51 divide 20553381?
False
Is 226198 a multiple of 107?
True
Is 158 a factor of 824403?
False
Is 164829 a multiple of 47?
True
Is 8 a factor of 235735?
False
Is 802056 a multiple of 6?
True
Is 16 a factor of 1307200?
True
Does 54 divide 466189?
False
Does 12 divide 2828556?
True
Is 12152 a multiple of 56?
True
Is 43 a factor of 423249?
True
Is 43066 a multiple of 61?
True
Does 17 divide 7804887?
True
Does 55 divide 347160?
True
Is 579840 a multiple of 384?
True
Is 42899 a multiple of 41?
False
Is 553 a factor of 240562?
False
Is 4722900 a multiple of 496?
False
Is 9 a factor of 4437518?
False
Is 124 a factor of 23304?
False
Is 947430 a multiple of 145?
True
Does 829 divide 4498373?
False
Is 4669766 a multiple of 28?
False
Is 269520 a multiple of 3?
True
Is 248798 a multiple of 946?
True
Does 71 divide 71862?
False
Is 61358 a multiple of 9?
False
Is 975420 a multiple of 4?
True
Is 88 a factor of 498960?
True
Is 12021365 a multiple of 12?
False
Is 410 a factor of 391140?
True
Does 27 divide 8937?
True
Does 72 divide 415678?
False
Is 314 a factor of 6908?
True
Is 287532 a multiple of 294?
True
Does 301 divide 182406?
True
Is 45 a factor of 5286340?
False
Does 1060 divide 493960?
True
Is 70 a factor of 110460?
True
Does 40 divide 2411200?
True
Does 50 divide 56000?
True
Does 22 divide 1705154?
True
Is 522 a factor of 1250332?
False
Is 19 a factor of 544811?
False
Does 41 divide 41961?
False
Does 36 divide 231768?
True
Is 433973 a multiple of 65?
False
Does 100 divide 187800?
True
Is 249082 a multiple of 697?
False
Is 3864727 a multiple of 907?
True
Is 151 a factor of 4776734?
True
Is 34875 a multiple of 8?
False
Is 5537 a multiple of 2?
False
Does 13 divide 986960?
True
Is 74295 a multiple of 6?
False
Is 462969 a multiple of 117?
True
Is 19039150 a multiple of 221?
True
Does 15 divide 1563899?
False
Does 496 divide 4554768?
True
Is 2169790 a multiple of 278?
True
Is 14 a factor of 219263?
False
Does 198 divide 1503733?
False
Is 62 a factor of 1158160?
True
Is 374 a factor of 460768?
True
Is 10 a factor of 2905900?
True
Does 103 divide 6418033?
True
Is 27 a factor of 7033446?
True
Is 164 a factor of 1061237?
False
Does 25 divide 5727125?
True
Does 7 divide 474292?
True
Is 995579 a multiple of 13?
True
Does 738 divide 2028087?
False
Does 8 divide 130995?
False
Is 14 a factor of 458584?
True
Is 2337614 a multiple of 75?
False
Is 17 a factor of 169031?
True
Does 18 divide 518832?
True
Is 68 a factor of 919904?
True
Does 515 divide 1004765?
True
Is 1298000 a multiple of 125?
True
Does 140 divide 10754660?
True
Is 7963146 a multiple of 30?
False
Is 7703570 a multiple of 7?
True
Is 21 a factor of 190686?
False
Is 419804 a multiple of 58?
True
Is 7 a factor of 173682?
False
Is 3 a factor of 202782?
True
Does 324 divide 3346596?
True
Is 292 a factor of 46932?
False
Does 39 divide 8694418?
False
Does 34 divide 654041?
False
Does 58 divide 7150820?
True
Is 1007740 a multiple of 10?
True
Does 68 divide 272738?
False
Is 25 a factor of 27933?
False
Is 803725 a multiple of 13?
True
Is 12064 a multiple of 18?
False
Is 17771 a multiple of 31?
False
Is 890727 a multiple of 68?
False
Is 29 a factor of 22736?
True
Is 40 a factor of 32077?
False
Does 77 divide 285978?
True
Is 586084 a multiple of 135?
False
Is 235210 a multiple of 424?
False
Does 8 divide 331883?
False
Is 293 a factor of 33402?
True
Is 16149932 a multiple of 68?
True
Does 573 divide 73344?
True
Is 619328 a multiple of 290?
False
Does 106 divide 3511036?
False
Does 5 divide 72760?
True
Is 153 a factor of 276777?
True
Is 8 a factor of 17995104?
True
Is 5 a factor of 1003615?
True
Is 963802 a multiple of 41?
False
Is 39 a factor of 122171?
False
Does 769 divide 1535693?
True
Does 8 divide 231760?
True
Does 200 divide 365316?
False
Is 60 a factor of 132120?
True
Does 8 divide 283776?
True
Is 625968 a multiple of 40?
False
Is 96 a factor of 1098306?
False
Is 3056508 a multiple of 21?
True
Is 28 a factor of 13888?
True
Is 37411 a multiple of 40?
False
Is 170334 a multiple of 399?
False
Is 20 a factor of 1051260?
True
Is 88 a factor of 97540?
False
Does 14 divide 632842?
True
Is 70320 a multiple of 10?
True
Does 637 divide 466469?
False
Is 43194 a multiple of 69?
True
Is 7 a factor of 46641?
True
Is 6 a factor of 173892?
True
Is 8 a factor of 50998?
False
Is 11 a factor of 557150?
True
Is 6 a factor of 7313833?
False
Does 99 divide 261558?
True
Is 85256 a multiple of 8?
True
Does 9 divide 9162?
True
Is 70 a factor of 199010?
True
Does 19 divide 41049?
False
Is 2803164 a multiple of 17?
True
Does 4 divide 734276?
True
Is 273 a factor of 9604686?
True
Is 13204 a multiple of 164?
False
Does 42 divide 192318?
True
Is 12494461 a multiple of 73?
True
Does 59 divide 554954?
True
Is 51 a factor of 981546?
True
Does 22 divide 18210720?
True
Is 78 a factor of 598658?
False
Is 73 a factor of 379064?
False
Is 79169 a multiple of 4?
False
Does 310 divide 885050?
True
Is 7801200 a multiple of 275?
True
Is 36 a factor of 79380?
True
Is 1008479 a multiple of 760?
False
Is 18324993 a multiple of 31?
False
Is 1537211 a multiple of 7?
False
Is 73 a factor of 1168146?
True
Does 44 divide 1636844?
True
Is 187209 a multiple of 183?
True
Is 32575 a multiple of 5?
True
Is 303 a factor of 28653?
False
Does 127 divide 7073315?
False
Is 381 a factor of 787367?
False
Does 393 divide 2234171?
False
Does 1175 divide 4023326?
False
Is 52705 a multiple of 17?
False
Is 32 a factor of 4194624?
True
Does 56 divide 596400?
True
Does 32 divide 428730?
False
Is 192 a factor of 15936?
True
Does 294 divide 262696?
False
Is 389 a factor of 3534979?
False
Is 21109 a multiple of 11?
True
Is 2633491 a multiple of 7?
True
Is 27 a factor of 356234?
False
Does 4 divide 154906?
False
Is 153768 a multiple of 172?
True
Is 14432937 a multiple of 285?
False
Is 34 a factor of 19319310?
True
Is 14833947 a multiple of 1780?
False
Does 6 divide 2944592?
False
Does 34 divide 10648100?
False
Is 5088351 a multiple of 29?
False
Does 94 divide 2271653?
False
Does 253 divide 330671?
True
Is 1397251 a multiple of 96?
False
Does 511 divide 818583?
False
Is 2022527 a multiple of 13?
True
Does 15 divide 177420?
True
Is 225 a factor of 5022042?
False
Is 66750 a multiple of 150?
True
Is 543060 a multiple of 18?
True
Is 4844690 a multiple of 269?
True
Does 15 divide 1164660?
True
Does 168 divide 8820712?
False
Is 2266724 a multiple of 117?
False
Is 97 a factor of 474732?
False
Is 221923 a multiple of 43?
True
Is 19 a factor of 4261700?
True
Is 223688 a multiple of 188?
False
Is 1922245 a multiple of 65?
True
Does 835 divide 11596336?
False
Is 178 a factor of 1093544?
False
Is 225243 a multiple of 261?
True
Is 2927757 a multiple of 1239?
True
Does 29 divide 71427?
True
Is 2722503 a multiple of 912?
False
Does 227 divide 791047?
False
Does 21 divide 54285?
True
Does 9 divide 340869?
False
Is 23 a factor of 2024345?
True
Does 82 divide 6792388?
True
Is 318 a factor of 539289?
False
Is 50 a factor of 982247?
False
Does 365 divide 688390?
True
Is 157755 a multiple of 9?
False
Is 38100 a multiple of 15?
True
Is 101912 a multiple of 7?
False
Does 1230 divide 6284070?
True
Is 6532228 a multiple of 160?
False
Is 735312 a multiple of 12?
True
Does 16 divide 981530?
False
Is 5018237 a multiple of 47?
True
Is 1466528 a multiple of 65?
False
Is 798172 a multiple of 8?
False
Is 1920789 a multiple of 39?
True
Does 145 divide 844190?
True
Does 12 divide 765879?
False
Is 375821 a multiple of 2?
False
Is 9 a factor of 404139?
False
Is 726330 a multiple of 62?
True
Is 139956 a multiple of 107?
True
Does 22 divide 786634?
False
Does 108 divide 1345104?
False
Is 9 a factor of 387759?
False
Is 9 a factor of 3570723?
True
Is 2619920 a multiple of 70?
False
Is 144 a factor